lculate the remainder when 71 is divided by 17.
3
Calculate the remainder when 597 is divided by 10.
7
Calculate the remainder when 378 is divided by 64.
58
Calculate the remainder when 23 is divided by 10.
3
Calculate the remainder when 637 is divided by 16.
13
What is the remainder when 767 is divided by 57?
26
What is the remainder when 116 is divided by 39?
38
Calculate the remainder when 389 is divided by 15.
14
Calculate the remainder when 132 is divided by 11.
0
Calculate the remainder when 629 is divided by 107.
94
What is the remainder when 226 is divided by 38?
36
Calculate the remainder when 5906 is divided by 14.
12
What is the remainder when 53 is divided by 7?
4
Calculate the remainder when 346 is divided by 91.
73
What is the remainder when 5519 is divided by 81?
11
What is the remainder when 233 is divided by 16?
9
Calculate the remainder when 2236 is divided by 33.
25
What is the remainder when 11957 is divided by 21?
8
What is the remainder when 1308 is divided by 146?
140
Calculate the remainder when 1237 is divided by 20.
17
Calculate the remainder when 952 is divided by 236.
8
What is the remainder when 2276 is divided by 33?
32
What is the remainder when 182 is divided by 65?
52
Calculate the remainder when 7829 is divided by 54.
53
Calculate the remainder when 2116 is divided by 20.
16
Calculate the remainder when 102 is divided by 12.
6
Calculate the remainder when 3246 is divided by 58.
56
What is the remainder when 1021 is divided by 29?
6
Calculate the remainder when 92 is divided by 24.
20
What is the remainder when 201 is divided by 33?
3
Calculate the remainder when 388 is divided by 199.
189
Calculate the remainder when 378 is divided by 124.
6
What is the remainder when 2279 is divided by 120?
119
What is the remainder when 412 is divided by 219?
193
What is the remainder when 297 is divided by 95?
12
What is the remainder when 131 is divided by 54?
23
What is the remainder when 203 is divided by 79?
45
What is the remainder when 331 is divided by 143?
45
Calculate the remainder when 47 is divided by 10.
7
Calculate the remainder when 497 is divided by 15.
2
What is the remainder when 1245 is divided by 78?
75
What is the remainder when 1174 is divided by 107?
104
What is the remainder when 544 is divided by 11?
5
What is the remainder when 9680 is divided by 206?
204
Calculate the remainder when 1751 is divided by 20.
11
Calculate the remainder when 3759 is divided by 57.
54
What is the remainder when 364 is divided by 72?
4
What is the remainder when 2667 is divided by 334?
329
What is the remainder when 181 is divided by 45?
1
What is the remainder when 208 is divided by 72?
64
What is the remainder when 84 is divided by 8?
4
What is the remainder when 289 is divided by 95?
4
Calculate the remainder when 1741 is divided by 92.
85
Calculate the remainder when 547 is divided by 29.
25
Calculate the remainder when 5732 is divided by 24.
20
What is the remainder when 114 is divided by 60?
54
What is the remainder when 627 is divided by 70?
67
Calculate the remainder when 5718 is divided by 10.
8
Calculate the remainder when 207 is divided by 30.
27
What is the remainder when 1193 is divided by 26?
23
What is the remainder when 140 is divided by 38?
26
What is the remainder when 216 is divided by 74?
68
Calculate the remainder when 211 is divided by 121.
90
What is the remainder when 162 is divided by 97?
65
Calculate the remainder when 255 is divided by 220.
35
Calculate the remainder when 98 is divided by 11.
10
What is the remainder when 789 is divided by 7?
5
What is the remainder when 108 is divided by 28?
24
Calculate the remainder when 1078 is divided by 330.
88
What is the remainder when 292 is divided by 2?
0
Calculate the remainder when 164 is divided by 20.
4
What is the remainder when 682 is divided by 69?
61
Calculate the remainder when 130 is divided by 97.
33
Calculate the remainder when 4115 is divided by 98.
97
What is the remainder when 678 is divided by 4?
2
Calculate the remainder when 380 is divided by 126.
2
Calculate the remainder when 1015 is divided by 127.
126
What is the remainder when 1355 is divided by 672?
11
Calculate the remainder when 263 is divided by 19.
16
What is the remainder when 269 is divided by 46?
39
What is the remainder when 254 is divided by 32?
30
Calculate the remainder when 869 is divided by 431.
7
What is the remainder when 164 is divided by 11?
10
Calculate the remainder when 162 is divided by 161.
1
Calculate the remainder when 869 is divided by 67.
65
What is the remainder when 399 is divided by 40?
39
What is the remainder when 611 is divided by 34?
33
Calculate the remainder when 1393 is divided by 40.
33
Calculate the remainder when 517 is divided by 52.
49
Calculate the remainder when 842 is divided by 106.
100
Calculate the remainder when 21245 is divided by 83.
80
Calculate the remainder when 233 is divided by 43.
18
Calculate the remainder when 421 is divided by 71.
66
Calculate the remainder when 281 is divided by 138.
5
What is the remainder when 182 is divided by 92?
90
What is the remainder when 323 is divided by 166?
157
What is the remainder when 105 is divided by 91?
14
What is the remainder when 174 is divided by 52?
18
Calculate the remainder when 441 is divided by 53.
17
Calculate the remainder when 410 is divided by 53.
39
What is the remainder when 290 is divided by 222?
68
What is the remainder when 1051 is divided by 291?
178
Calculate the remainder when 93 is divided by 32.
29
Calculate the remainder when 164 is divided by 33.
32
Calculate the remainder when 1063 is divided by 196.
83
What is the remainder when 1574 is divided by 83?
80
Calculate the remainder when 211 is divided by 24.
19
What is the remainder when 155 is divided by 63?
29
Calculate the remainder when 960 is divided by 42.
36
What is the remainder when 898 is divided by 53?
50
What is the remainder when 26 is divided by 8?
2
What is the remainder when 857 is divided by 83?
27
Calculate the remainder when 211 is divided by 73.
65
What is the remainder when 191 is divided by 20?
11
Calculate the remainder when 70 is divided by 18.
16
Calculate the remainder when 1215 is divided by 402.
9
Calculate the remainder when 147 is divided by 26.
17
Calculate the remainder when 66 is divided by 17.
15
Calculate the remainder when 584 is divided by 148.
140
What is the remainder when 4078 is divided by 15?
13
What is the remainder when 191 is divided by 45?
11
What is the remainder when 322 is divided by 27?
25
Calculate the remainder when 66 is divided by 23.
20
What is the remainder when 262 is divided by 22?
20
What is the remainder when 11625 is divided by 51?
48
What is the remainder when 8216 is divided by 137?
133
What is the remainder when 51636 is divided by 21?
18
Calculate the remainder when 1131 is divided by 1118.
13
What is the remainder when 608 is divided by 56?
48
Calculate the remainder when 152 is divided by 69.
14
What is the remainder when 31779 is divided by 28?
27
Calculate the remainder when 129 is divided by 13.
12
What is the remainder when 130 is divided by 19?
16
Calculate the remainder when 2657 is divided by 245.
207
Calculate the remainder when 29 is divided by 10.
9
Calculate the remainder when 248 is divided by 34.
10
Calculate the remainder when 66 is divided by 11.
0
What is the remainder when 278 is divided by 20?
18
Calculate the remainder when 246 is divided by 42.
36
What is the remainder when 2371 is divided by 21?
19
Calculate the remainder when 10 is divided by 10.
0
Calculate the remainder when 150 is divided by 1.
0
Calculate the remainder when 379 is divided by 110.
49
What is the remainder when 1666 is divided by 38?
32
Calculate the remainder when 1354 is divided by 23.
20
Calculate the remainder when 191 is divided by 65.
61
Calculate the remainder when 293 is divided by 118.
57
Calculate the remainder when 4777 is divided by 239.
236
What is the remainder when 2210 is divided by 7?
5
What is the remainder when 8958 is divided by 895?
8
Calculate the remainder when 359 is divided by 146.
67
Calculate the remainder when 759 is divided by 53.
17
What is the remainder when 575 is divided by 16?
15
Calculate the remainder when 1158 is d